{"id":25266,"date":"2021-01-29T06:07:03","date_gmt":"2021-01-29T06:07:03","guid":{"rendered":"https:\/\/www.bekoshop.sk\/radyatipy\/?page_id=25266"},"modified":"2023-03-20T13:53:37","modified_gmt":"2023-03-20T13:53:37","slug":"ako-spravne-vybrat-chladnicku-a-mraznicku","status":"publish","type":"page","link":"https:\/\/www.bekoshop.sk\/radyatipy\/ako-spravne-vybrat-chladnicku-a-mraznicku\/","title":{"rendered":"Ako spr\u00e1vne vybra\u0165 chladni\u010dku a mrazni\u010dku"},"content":{"rendered":"\n<div class=\"wp-block-cover alignfull is-light\" style=\"min-height:550px;aspect-ratio:unset;\"><span aria-hidden=\"true\" class=\"wp-block-cover__background has-background-dim\"><\/span><img loading=\"lazy\" decoding=\"async\" width=\"1920\" height=\"278\" class=\"wp-block-cover__image-background wp-image-34\" alt=\"\" src=\"https:\/\/www.bekoshop.sk\/radyatipy\/wp-content\/uploads\/2022\/12\/beko_obrazok2.jpg\" style=\"object-position:29% 46%\" data-object-fit=\"cover\" data-object-position=\"29% 46%\" srcset=\"https:\/\/www.bekoshop.sk\/radyatipy\/wp-content\/uploads\/2022\/12\/beko_obrazok2.jpg 1920w, https:\/\/www.bekoshop.sk\/radyatipy\/wp-content\/uploads\/2022\/12\/beko_obrazok2-300x43.jpg 300w, https:\/\/www.bekoshop.sk\/radyatipy\/wp-content\/uploads\/2022\/12\/beko_obrazok2-1024x148.jpg 1024w, https:\/\/www.bekoshop.sk\/radyatipy\/wp-content\/uploads\/2022\/12\/beko_obrazok2-768x111.jpg 768w, https:\/\/www.bekoshop.sk\/radyatipy\/wp-content\/uploads\/2022\/12\/beko_obrazok2-1536x222.jpg 1536w\" sizes=\"auto, (max-width: 1920px) 100vw, 1920px\" \/><div class=\"wp-block-cover__inner-container is-layout-flow wp-block-cover-is-layout-flow\">\n<p class=\"has-text-align-center has-large-font-size\"><\/p>\n<\/div><\/div>\n\n\n\n<div class=\"inherit-container-width wp-block-group alignfull has-ast-global-color-5-background-color has-background is-layout-constrained wp-block-group-is-layout-constrained\"><div class=\"wp-block-group__inner-container\">\n<h2 class=\"has-text-align-center wp-block-heading\"><strong>AKO SPR\u00c1VNE VYBRA\u0164 CHLADNI\u010cKU A MRAZNI\u010cKU<\/strong><\/h2>\n\n\n\n<p>Chladni\u010diek je na trhu obrovsk\u00e9 mno\u017estvo. R\u00f4zne druhy, rozmery a&nbsp;st\u00e1le nov\u00e9 technol\u00f3gie, ktor\u00fdmi sa jednotliv\u00ed v\u00fdrobcovia sna\u017eia z\u00edska\u0165 z\u00e1kazn\u00edka na svoju stranu. Chladni\u010dka je samozrejmou s\u00fa\u010das\u0165ou dom\u00e1cnost\u00ed a&nbsp;ka\u017ed\u00fd, kto kupuje nov\u00fa, u\u017e m\u00e1 nejak\u00e9 osobn\u00e9 sk\u00fasenosti a predstavy.<\/p>\n\n\n\n<h4 class=\"wp-block-heading\"><strong>SPR\u00c1VNY OBJEM<\/strong><\/h4>\n\n\n\n<p>Je rozdiel, ak \u017eijete \u201esingle\u201c alebo m\u00e1 va\u0161a rodina viac \u010dlenov. Ak je \u010dlovek s\u00e1m, \u010dasto a&nbsp;pravidelne nakupuje, sta\u010d\u00ed mu mal\u00e1 jednodverov\u00e1 chladni\u010dka s&nbsp;20 litrov\u00fdm mraziacim boxom vo vn\u00fatri. Obsah chladni\u010dky oto\u010d\u00ed ka\u017ed\u00fd tret\u00ed de\u0148 a&nbsp;mrazni\u010dka mu sta\u010d\u00ed na zmrzlinu a&nbsp;\u013ead do drinkov. V\u00e4\u010d\u0161ia rodina, ktor\u00e1 ide na n\u00e1kup raz za t\u00fd\u017ede\u0148 potrebuje kombinovan\u00fa chladni\u010dku s&nbsp;nieko\u013eko n\u00e1sobne v\u00e4\u010d\u0161\u00edm objemom. Ak m\u00e1 niekto z\u00e1hradu s&nbsp;bohatou \u00farodou, alebo si r\u00e1d pochutn\u00e1 na zab\u00edja\u010dkov\u00fdch \u0161pecialit\u00e1ch, potrebuje ve\u013ek\u00fa samostatn\u00fa mrazni\u010dku s&nbsp;maxim\u00e1lnym objemom.<\/p>\n\n\n\n<h4 class=\"wp-block-heading\"><strong>SPOTREBA ENERGIE<\/strong><\/h4>\n\n\n\n<p>Chladiaci spotrebi\u010d je v&nbsp;sieti nepretr\u017eite a&nbsp;ak m\u00e1 udr\u017eiava\u0165 n\u00edzku teplotu, mus\u00ed spotrebova\u0165 elektrick\u00fa energiu. Cena za energie ide st\u00e1le hore a&nbsp;inak to, v&nbsp;bud\u00facnosti, \u017eia\u013e nebude. Je d\u00f4le\u017eit\u00e9 spravi\u0165 si aspo\u0148 ak\u00fa tak\u00fa predstavu o&nbsp;spotrebe a&nbsp;vedie\u0165 si prepo\u010d\u00edta\u0165, kedy a&nbsp;ko\u013eko sa oplat\u00ed investova\u0165 do lep\u0161\u00edch energetick\u00fdch tried. Do roku 2020 bola najvy\u0161\u0161ia energetick\u00e1 trieda A+++, ktor\u00fa v\u00e4\u010d\u0161ina v\u00fdrobcov prekonala. Aby v\u00fdrobcovia mohli aj na\u010falej prezentova\u0165 pokrok v&nbsp;\u00faspornosti a&nbsp;motivova\u0165 z\u00e1kazn\u00edkov ku k\u00fape, do\u0161lo v&nbsp;roku 2021 k&nbsp;zmene ozna\u010dovania energetick\u00fdch tried. Dnes ja najlep\u0161ia trieda A,&nbsp;najhor\u0161ia G. Na energetickom \u0161t\u00edtku n\u00e1jdete aj deklarovan\u00fa ro\u010dn\u00fa spotrebu v&nbsp;kWh. Na fakt\u00fare od dod\u00e1vate\u013ea zasa cenu za 1kWh a&nbsp;m\u00f4\u017eete po\u010d\u00edta\u0165. Pam\u00e4tajte v\u0161ak na to, \u017ee deklarovan\u00e1 spotreba je nameran\u00e1 v&nbsp;laborat\u00f3rnych podmienkach. Presn\u00e1 okolit\u00e1 teplota, \u017eiadne otv\u00e1ranie spotrebi\u010da, presne stanoven\u00e1 n\u00e1pl\u0148 a&nbsp;pod. V&nbsp;re\u00e1lnej prev\u00e1dzke sa v\u00e1m ju nepodar\u00ed nikdy dosiahnu\u0165 podobne ako deklarovan\u00fa spotrebu paliva v&nbsp;aute.<\/p>\n\n\n\n<h4 class=\"wp-block-heading\"><strong>AKO U\u0160ETRI\u0164 V&nbsp;RE\u00c1LNEJ PREV\u00c1DZKE<\/strong><\/h4>\n\n\n\n<p>Ve\u013ea sa d\u00e1 z\u00edska\u0165 spr\u00e1vnym umiestnen\u00edm spotrebi\u010da. \u010c\u00edm vy\u0161\u0161ia okolit\u00e1 teplota, t\u00fdm vy\u0161\u0161ia spotreba. Treba sa vyhn\u00fa\u0165 bl\u00edzkosti tepeln\u00e9ho zdroja (radi\u00e1tor, spor\u00e1k), ale aj slne\u010dn\u00fdm miestam, kde v&nbsp;lete hroz\u00ed teplota cez 30\u00b0C. Netreba to v\u0161ak ani preh\u00e1\u0148a\u0165 a&nbsp;umiestni\u0165 spotrebi\u010d do ve\u013emi chladnej miestnosti. Na spr\u00e1vny chod potrebuje chladni\u010dka ur\u010dit\u00fa teplotu. Ak ju d\u00e1te do gar\u00e1\u017ee, kde je v&nbsp;zime 5\u00b0C, chladni\u010dka to vyhodnot\u00ed tak, \u017ee chladi\u0165 netreba a&nbsp;m\u00f4\u017eete si tak znehodnoti\u0165 obsah mrazni\u010dky. V\u00fdrobcovia ud\u00e1vaj\u00fa aj klimatick\u00fa triedu \u2013 v&nbsp;akom rozsahu tepl\u00f4t funguje spotrebi\u010d spr\u00e1vne. No v\u0161etky hore uveden\u00e9 rady s\u00fa v\u00e1m na ni\u010d, ak nevypestujete spr\u00e1vne n\u00e1vyky napr. u&nbsp;svojich det\u00ed. Chladni\u010dka nie je telev\u00edzor, nepozerajte do otvorenej chladni\u010dky bez toho, aby ste mali premyslen\u00e9 \u201e\u010do si d\u00e1te\u201c. V&nbsp;opa\u010dnom pr\u00edpade v\u00e1s z&nbsp;prem\u00fd\u0161\u013eania vytrhne alarm otvoren\u00fdch dvierok.<\/p>\n\n\n\n<div style=\"height:78px\" aria-hidden=\"true\" class=\"wp-block-spacer\"><\/div>\n\n\n\n<h4 class=\"has-text-align-center wp-block-heading\" style=\"font-size:28px\"><strong>ROZDELENIE POD\u013dA UMIESTNENIA<\/strong><\/h4>\n\n\n\n<hr class=\"wp-block-separator alignwide has-alpha-channel-opacity is-style-default\"\/>\n\n\n\n<h4 class=\"wp-block-heading\"><strong>VO\u013dNE STOJACE CHLADNI\u010cKY<\/strong><\/h4>\n\n\n\n<p>Vyberiete si spr\u00e1vnu farbu, spotrebi\u010d postav\u00edte kdeko\u013evek, kde je na\u0148 miesto, pripoj\u00edte k&nbsp;sieti a&nbsp;pou\u017e\u00edvate. Vo\u013ene stojace chladni\u010dky s\u00fa spravidla lacnej\u0161ie a maj\u00fa v\u00e4\u010d\u0161\u00ed vn\u00fatorn\u00fd objem, ako porovnate\u013en\u00e9 zabudovate\u013en\u00e9 spotrebi\u010de. V\u00fdber modelov je nieko\u013eko n\u00e1sobne vy\u0161\u0161\u00ed.<\/p>\n\n\n\n<h4 class=\"wp-block-heading\"><strong>ZABUDOVATE\u013dN\u00c9 CHLADNI\u010cKY<\/strong><\/h4>\n\n\n\n<p>St\u00e1le sa v\u0161ak n\u00e1jde dos\u0165 \u013eud\u00ed, ktor\u00ed preferuj\u00fa zabudovanie spotrebi\u010dov do linky tak, aby nenar\u00fa\u0161ali jednotn\u00fa l\u00edniu a&nbsp;ostali skryt\u00e9. Ak je estetika top argument, nech sa p\u00e1\u010di. Ale ak je nie\u010do pekn\u00e9, treba to uk\u00e1za\u0165. Na trhu je mno\u017estvo kr\u00e1snych vo\u013ene stojacich chladni\u010diek.<\/p>\n\n\n\n<h4 class=\"wp-block-heading\"><strong>ROZDELENIE POD\u013dA TECHNOL\u00d3GIE CHLADENIA<\/strong><\/h4>\n\n\n\n<h4 class=\"wp-block-heading\"><strong>STATICK\u00c9 CHLADNI\u010cKY\/MRAZNI\u010cKY<\/strong><\/h4>\n\n\n\n<p>Klasick\u00e9 spotrebi\u010de, ktor\u00fdch hlavnou nev\u00fdhodou je tvorba n\u00e1mrazy. Aj ke\u010f v\u00fdrobcovia prich\u00e1dzaj\u00fa s&nbsp;inov\u00e1ciami \u201eMinFrost\u201c a&nbsp;pod., je st\u00e1le potrebn\u00e9 mrazni\u010dku z&nbsp;\u010dasu na \u010das odmrazi\u0165. MinFrost tvorbu ne\u017eiaduceho \u013eadu zna\u010dne minimalizuje, ale \u00faplne neodstr\u00e1ni. V&nbsp;chladni\u010dke sa n\u00e1mraza vytv\u00e1ra tie\u017e, ale pri vypnut\u00ed kompresora sa roztop\u00ed, ste\u010die po vn\u00fatornej zadnej strane do misky nad kompresorom odkia\u013e sa odpar\u00ed do priestoru.<\/p>\n\n\n\n<h4 class=\"wp-block-heading\">NEOFROST RESP. NOFROST<\/h4>\n\n\n\n<p>Je tzv. bezn\u00e1mrazov\u00e1 technol\u00f3gia. N\u00e1mraza sa s\u00edce vytv\u00e1ra, ale na ur\u010denom mieste, ktor\u00e9 z\u00e1kazn\u00edk nevid\u00ed. Tam sa zasa kontrolovane rozt\u00e1pa a&nbsp;odch\u00e1dza z&nbsp;chladen\u00e9ho priestoru pre\u010d. S&nbsp;odstra\u0148ovan\u00edm n\u00e1mrazy nem\u00e1te \u017eiaden probl\u00e9m. Klasick\u00fd NoFrost je vhodn\u00fd pre monoklimatick\u00e9 (samostatn\u00e9) chladni\u010dky, alebo mrazni\u010dky. Menej u\u017e pre kombinovan\u00e9 chladni\u010dky, kde p\u00f4vodn\u00e1 technol\u00f3gia vh\u00e1\u0148ala such\u00fd vzduch z&nbsp;mrazni\u010dky do chladni\u010dky a&nbsp;doch\u00e1dzalo k&nbsp;vys\u00fa\u0161aniu skladovan\u00fdch potrav\u00edn v chladni\u010dke. V&nbsp;pr\u00edpade kombinovan\u00fdch chladni\u010diek Beko pou\u017e\u00edva technol\u00f3giu NeoFrost. Chladiaci a&nbsp;mraziaci priestor s\u00fa \u00faplne oddelen\u00e9. Such\u00fd vzduch ost\u00e1va v&nbsp;mrazni\u010dke a&nbsp;spr\u00e1vne vlhk\u00fd vzduch v&nbsp;chladni\u010dke. V&nbsp;skratke NeoFrost je NoFrost bez vys\u00fa\u0161ania.<\/p>\n\n\n\n<div style=\"height:78px\" aria-hidden=\"true\" class=\"wp-block-spacer\"><\/div>\n\n\n\n<h4 class=\"has-text-align-center wp-block-heading\" style=\"font-size:28px\">\u0160PECI\u00c1LNE TECHNOL\u00d3GIE A FUNKCIE<\/h4>\n\n\n\n<hr class=\"wp-block-separator alignwide has-alpha-channel-opacity is-style-default\"\/>\n\n\n\n<h4 class=\"wp-block-heading\">Z\u00c1SUVKA EVERFRESH+\u00ae<\/h4>\n\n\n\n<p>Neobmedzujte svoje chute t\u00fdm, \u017ee \u201esa nie\u010do mus\u00ed zjes\u0165\u201c. S&nbsp;priehradkou EverFresh+\u00ae&nbsp;udr\u017e\u00edte potraviny \u010derstv\u00e9 a\u017e 30 dn\u00ed, a to v\u010faka minim\u00e1lnym v\u00fdkyvom tepl\u00f4t, kontrolovanej vlhkosti a&nbsp;\u0161peci\u00e1lnemu pr\u00fadeniu vzduchu. Je tak ide\u00e1lnym par\u0165\u00e1kom na uchovanie ovocia, zeleniny, ale aj m\u00e4sa a u\u017e uvaren\u00fdch jed\u00e1l. Vy si tak m\u00f4\u017eete pochuti\u0165 na tom, na \u010do m\u00e1te pr\u00e1ve chu\u0165.<\/p>\n\n\n\n<h4 class=\"wp-block-heading\">ACTIVEFRESH BLUE LIGHTTM<\/h4>\n\n\n\n<p>Udr\u017eiavajte ovocie, zeleninu a&nbsp;aj seba v dobrej kond\u00edcii v\u010faka priehradke s akt\u00edvnym modr\u00fdm svetlom! To udr\u017eiava v&nbsp;chode fyziologick\u00e9 procesy v ovoc\u00ed a zelenine, uchov\u00e1va ich pln\u00fa chu\u0165, vzh\u013ead a nutri\u010dn\u00e9 hodnoty, ktor\u00e9 sa inak be\u017en\u00fdm skladovan\u00edm str\u00e1caj\u00fa. Navy\u0161e zabra\u0148uje tvorbe plesn\u00ed a mno\u017eeniu bakt\u00e9ri\u00ed, tak\u017ee si na svojom ob\u013e\u00fabenom ovoc\u00ed pochut\u00edte kedyko\u013evek len vy.<\/p>\n\n\n\n<h4 class=\"wp-block-heading\">HARWESTFRESH SVETLO<\/h4>\n\n\n\n<p>Dok\u00e1\u017ee v&nbsp;z\u00e1suvk\u00e1ch na ovocie a&nbsp;zeleninu simulova\u0165 sveteln\u00fd cyklus be\u017en\u00e9ho d\u0148a. Strieda rann\u00e9 svetlo, svetlo na poludnie a&nbsp;s\u00famrak s&nbsp;\u00faplnou tmou. Toto prirodzen\u00e9 osvetlenie ovocia a&nbsp;zeleniny zaru\u010d\u00ed e\u0161te vy\u0161\u0161iu \u00farove\u0148 \u010derstvosti.<\/p>\n\n\n\n<h4 class=\"wp-block-heading\">PROSMARTTM INVERTOROV\u00dd KOMPRESOR<\/h4>\n\n\n\n<p>ProSmartTM invertorov\u00fd kompresor bude t\u00fdm spr\u00e1vnym srdcom va\u0161ej chladni\u010dky. Oproti \u0161tandardn\u00e9mu kompresoru m\u00e1 a\u017e 4x tich\u0161iu prev\u00e1dzku, spotrebuje menej<\/p>\n\n\n\n<p>elektriny a jeho dlh\u00e1 \u017eivotnos\u0165 zaru\u010duje spo\u013eahliv\u00fa prev\u00e1dzku po dobu nieko\u013ek\u00fdch rokov.<\/p>\n\n\n\n<h4 class=\"wp-block-heading\">MULTIZONETM<\/h4>\n\n\n\n<p>Pri v\u00e4\u010d\u0161ej \u00farode sa hod\u00ed mrazni\u010dka navy\u0161e. Ke\u010f m\u00e1 pr\u00eds\u0165 n\u00e1v\u0161teva, tak sa zas hod\u00ed v\u00e4\u010d\u0161ia chladni\u010dka. S multi z\u00f3nou m\u00f4\u017eete ma\u0165 oboje, tak, ako pr\u00e1ve potrebujete. Priestor s&nbsp;pr\u00edslu\u0161n\u00fdm objemom m\u00f4\u017eete nastavi\u0165 ako mrazni\u010dku s teplotou a\u017e -24 \u00b0C,<\/p>\n\n\n\n<p>nulov\u00fa z\u00f3nu a zas ako chladni\u010dku a\u017e do 10\u00b0C. Jednoducho, pod\u013ea potreby. A milovn\u00edkov v\u00edna ur\u010dite zaujme, \u017ee ju mo\u017eno vyu\u017ei\u0165 tie\u017e ako vinot\u00e9ku.<\/p>\n\n\n\n<h4 class=\"wp-block-heading\">HOMEWHIZ<\/h4>\n\n\n\n<p>U\u017e aj niektor\u00e9 chladni\u010dky dok\u00e1\u017eete prepoji\u0165 so svojim smart telef\u00f3nom a&nbsp;by\u0165 tak nepretr\u017eite informovan\u00fd \u010do sa s&nbsp;\u0148ou deje. Na dia\u013eku zo supermarketu dok\u00e1\u017eete zapn\u00fa\u0165 r\u00fdchle chladenie a&nbsp;n\u00e1kup vylo\u017ei\u0165 do spr\u00e1vne vychladenej chladni\u010dky.<\/p>\n\n\n\n<h4 class=\"wp-block-heading\">IONGUARD\u00ae<\/h4>\n\n\n\n<p>Nebojte sa, \u017ee by va\u0161a narodeninov\u00e1 torta chytila pr\u00edchu\u0165 zrej\u00faceho syra. Ioniz\u00e1tor v chladni\u010dk\u00e1ch Beko neutralizuje vzduch a&nbsp;zabra\u0148uje nechcen\u00e9mu mie\u0161aniu a prenosu<\/p>\n\n\n\n<p>v\u00f4n\u00ed, tak\u017ee m\u00f4\u017eete z\u00e1rove\u0148 ved\u013ea seba ulo\u017ei\u0165 tortu aj zrej\u00faci syr.<\/p>\n\n\n\n<h4 class=\"wp-block-heading\">FASTFREEZE<\/h4>\n\n\n\n<p>S r\u00fdchlym zmrazen\u00edm FastFreeze m\u00f4\u017eete \u0161etrnej\u0161ie zamrazi\u0165 potraviny a lep\u0161ie uchova\u0165 ich \u010derstvos\u0165. Pri r\u00fdchlom zmrazen\u00ed toti\u017e nedoch\u00e1dza k tak v\u00fdraznej zmene ich \u0161trukt\u00fary, tak\u017ee potraviny vyzeraj\u00fa a chutia po rozmrazen\u00ed takmer ako tie \u010derstv\u00e9.<\/p>\n\n\n\n<h4 class=\"wp-block-heading\">FUNKCIA ECO<\/h4>\n\n\n\n<p>Zn\u00ed\u017ete spotrebu chladni\u010dky na minimum, zatia\u013e \u010do sp\u00edte alebo ste na dovolenke. Pokia\u013e zvol\u00edte funkciu Eco a neotvor\u00edte chladni\u010dku po dobu \u0161es\u0165 a viac hod\u00edn, sama sa prepne do energeticky \u00fasporn\u00e9ho re\u017eimu a pritom uchov\u00e1 ulo\u017een\u00e9 potraviny.<\/p>\n\n\n\n<h4 class=\"wp-block-heading\">LED OSVETLENIE<\/h4>\n\n\n\n<p>V\u010faka LED osvetleniu m\u00e1te nielen preh\u013ead \u010do je v ka\u017edej poli\u010dke, ale na rozdiel od klasickej \u017eiarovky taktie\u017e prispieva k zn\u00ed\u017eeniu spotreby elektriny, preto\u017ee nehreje.<\/p>\n\n\n\n<h4 class=\"wp-block-heading\">OTO\u010cENIE OTV\u00c1RANIA DVER\u00cd<\/h4>\n\n\n\n<p>Ka\u017ed\u00e1 kuchy\u0148a je in\u00e1, preto maj\u00fa na\u0161e chladni\u010dky mo\u017enos\u0165 oto\u010denia otv\u00e1rania dver\u00ed. V priebehu chv\u00edle sa tak chladni\u010dka prisp\u00f4sob\u00ed priestoru tak, ako potrebujete.<\/p>\n\n\n\n<h4 class=\"wp-block-heading\">FRESHGUARD<\/h4>\n\n\n\n<p>\u0160peci\u00e1lny filter FreshGuard\u00ae eliminuje a\u017e 90 % z\u00e1pachu a zmie\u0161ania pachov potrav\u00edn. V kombin\u00e1cii s UV \u017eiaren\u00edm si porad\u00ed aj s bakt\u00e9riami, tak\u017ee va\u0161e potraviny<\/p>\n\n\n\n<p>maj\u00fa zaisten\u00e9 ide\u00e1lne miesto, kde m\u00f4\u017eu zosta\u0165 dlho \u010derstv\u00e9.<\/p>\n\n\n\n<h4 class=\"wp-block-heading\">VN\u00daTORN\u00dd D\u00c1VKOVA\u010c VODY<\/h4>\n\n\n\n<p>Vn\u00fatorn\u00fd d\u00e1vkova\u010d vody neru\u0161\u00ed vonkaj\u0161\u00ed vzh\u013ead chladni\u010dky, a&nbsp;predsa v\u00e1m pon\u00faka st\u00e1le \u010derstv\u00fa a&nbsp;chladen\u00fa vodu. V\u010faka priechodu cez filter m\u00e1 st\u00e1le svie\u017eu chu\u0165, tak\u017ee si m\u00f4\u017eete dopria\u0165 osvie\u017eenie ako z&nbsp;horsk\u00e9ho prame\u0148a.<\/p>\n\n\n\n<h4 class=\"wp-block-heading\">MINFROST\u00ae<\/h4>\n\n\n\n<p>S na\u0161imi chladni\u010dkami sa nemus\u00edte s pali\u010dkou prebojov\u00e1va\u0165 kusmi \u013eadu k svojej ob\u013e\u00fabenej zmrzline. S technol\u00f3giou MinFrost\u00ae sa toti\u017e v mrazni\u010dke tvor\u00ed omnoho menej n\u00e1mrazy ne\u017e v in\u00fdch statick\u00fdch chladni\u010dk\u00e1ch, \u010doho d\u00f4sledkom je ni\u017e\u0161ia spotreba a hlavne koniec \u010dast\u00e9ho odmrazovania.<\/p>\n\n\n\n<h4 class=\"wp-block-heading\">SMOOTHFIT P\u00c1NTY<\/h4>\n\n\n\n<p>Dvere chladni\u010dky s p\u00e1ntmi SmoothFit m\u00f4\u017eete otvori\u0165, aj ke\u010f je ved\u013ea nej linka, preto\u017ee s\u00fa bez n\u00e1behu. To znamen\u00e1, \u017ee chladni\u010dka m\u00e1 st\u00e1le rovnak\u00fa \u0161\u00edrku, \u010di je zatvoren\u00e1 alebo otvoren\u00e1.<\/p>\n\n\n\n<h4 class=\"wp-block-heading\">KOVOV\u00c1 ZADN\u00c1 STENA CHLADNI\u010cKY<\/h4>\n\n\n\n<p>Kovov\u00e1 zadn\u00e1 stena vo vn\u00fatri chladni\u010dky je nielen pekn\u00e1 na poh\u013ead, ale tie\u017e prispieva k&nbsp;ni\u017e\u0161ej spotrebe chladni\u010dky. T\u00fdm, \u017ee akumuluje chlad, dok\u00e1\u017ee lep\u0161ie<\/p>\n\n\n\n<p>dorovna\u0165 rozdiel tepl\u00f4t po otvoren\u00ed chladni\u010dky a u\u0161etr\u00ed t\u00fdm pr\u00e1cu kompresoru.<\/p>\n\n\n\n<h4 class=\"wp-block-heading\">HOLIDAY RE\u017dIM<\/h4>\n\n\n\n<p>Pokia\u013e sa chyst\u00e1te na dovolenku, doprajte ju aj va\u0161ej chladni\u010dke. S re\u017eimom Holiday sa vypne chladiaca \u010das\u0165 a pobe\u017e\u00ed len mrazni\u010dka. Tak\u017ee z\u00e1soby zostan\u00fa st\u00e1le zmrazen\u00e9, rovnako, ako spotreba chladni\u010dky.<\/p>\n\n\n\n<h4 class=\"wp-block-heading\">ANTIBAKTERI\u00c1LNE TESNENIE<\/h4>\n\n\n\n<p>Tesnenie chladni\u010diek Beko chr\u00e1ni potraviny nielen pred vniknut\u00edm tepla do chladni\u010dky, ale aj pred vniknut\u00edm bakt\u00e9ri\u00ed. Obsahuje i\u00f3ny striebra, s ktor\u00fdmi sa bakt\u00e9rie nekamar\u00e1tia, a tak s\u00fa va\u0161e potraviny vo vn\u00fatri bez ohrozenia a dlh\u0161ie \u010derstv\u00e9.<\/p>\n\n\n\n<div style=\"height:50px\" aria-hidden=\"true\" class=\"wp-block-spacer\"><\/div>\n\n\n\n<div class=\"wp-block-uagb-buttons uagb-buttons__outer-wrap uagb-btn__default-btn uagb-btn-tablet__default-btn uagb-btn-mobile__default-btn uagb-block-d1360156\"><div class=\"uagb-buttons__wrap uagb-buttons-layout-wrap\">\n<div class=\"wp-block-uagb-buttons-child uagb-buttons__outer-wrap uagb-block-5d182bcc wp-block-button is-style-outline\"><div class=\"uagb-button__wrapper\"><a class=\"uagb-buttons-repeater wp-block-button__link has-background has-text-color\" href=\"https:\/\/www.bekoshop.sk\/radyatipy\/\" rel=\"follow noopener\" target=\"_self\"><div class=\"uagb-button__link\">Sp\u00e4\u0165<\/div><\/a><\/div><\/div>\n<\/div><\/div>\n\n\n\n<div style=\"height:20px\" aria-hidden=\"true\" class=\"wp-block-spacer\"><\/div>\n<\/div><\/div>\n","protected":false},"excerpt":{"rendered":"<p>AKO SPR\u00c1VNE VYBRA\u0164 CHLADNI\u010cKU A MRAZNI\u010cKU Chladni\u010diek je na trhu obrovsk\u00e9 mno\u017estvo. R\u00f4zne druhy, rozmery a&nbsp;st\u00e1le nov\u00e9 technol\u00f3gie, ktor\u00fdmi sa jednotliv\u00ed v\u00fdrobcovia sna\u017eia z\u00edska\u0165 z\u00e1kazn\u00edka na svoju stranu. Chladni\u010dka je samozrejmou s\u00fa\u010das\u0165ou dom\u00e1cnost\u00ed a&nbsp;ka\u017ed\u00fd, kto kupuje nov\u00fa, u\u017e m\u00e1 nejak\u00e9 osobn\u00e9 sk\u00fasenosti a predstavy. SPR\u00c1VNY OBJEM Je rozdiel, ak \u017eijete \u201esingle\u201c alebo m\u00e1 va\u0161a rodina &hellip;<\/p>\n<p class=\"read-more\"> <a class=\"\" href=\"https:\/\/www.bekoshop.sk\/radyatipy\/ako-spravne-vybrat-chladnicku-a-mraznicku\/\"> <span class=\"screen-reader-text\">Ako spr\u00e1vne vybra\u0165 chladni\u010dku a mrazni\u010dku<\/span> \u010c\u00edtajte viac &raquo;<\/a><\/p>\n","protected":false},"author":1,"featured_media":0,"parent":0,"menu_order":0,"comment_status":"closed","ping_status":"closed","template":"","meta":{"site-sidebar-layout":"no-sidebar","site-content-layout":"plain-container","ast-global-header-display":"","ast-main-header-display":"","ast-hfb-above-header-display":"","ast-hfb-below-header-display":"","ast-hfb-mobile-header-display":"","site-post-title":"disabled","ast-breadcrumbs-content":"","ast-featured-img":"disabled","footer-sml-layout":"","theme-transparent-header-meta":"default","adv-header-id-meta":"","stick-header-meta":"","header-above-stick-meta":"","header-main-stick-meta":"","header-below-stick-meta":"","footnotes":""},"class_list":["post-25266","page","type-page","status-publish","hentry"],"uagb_featured_image_src":{"full":false,"thumbnail":false,"medium":false,"medium_large":false,"large":false,"1536x1536":false,"2048x2048":false},"uagb_author_info":{"display_name":"admin","author_link":"https:\/\/www.bekoshop.sk\/radyatipy\/author\/admin\/"},"uagb_comment_info":0,"uagb_excerpt":"AKO SPR\u00c1VNE VYBRA\u0164 CHLADNI\u010cKU A MRAZNI\u010cKU Chladni\u010diek je na trhu obrovsk\u00e9 mno\u017estvo. R\u00f4zne druhy, rozmery a&nbsp;st\u00e1le nov\u00e9 technol\u00f3gie, ktor\u00fdmi sa jednotliv\u00ed v\u00fdrobcovia sna\u017eia z\u00edska\u0165 z\u00e1kazn\u00edka na svoju stranu. Chladni\u010dka je samozrejmou s\u00fa\u010das\u0165ou dom\u00e1cnost\u00ed a&nbsp;ka\u017ed\u00fd, kto kupuje nov\u00fa, u\u017e m\u00e1 nejak\u00e9 osobn\u00e9 sk\u00fasenosti a predstavy. SPR\u00c1VNY OBJEM Je rozdiel, ak \u017eijete \u201esingle\u201c alebo m\u00e1 va\u0161a rodina&hellip;","_links":{"self":[{"href":"https:\/\/www.bekoshop.sk\/radyatipy\/wp-json\/wp\/v2\/pages\/25266","targetHints":{"allow":["GET"]}}],"collection":[{"href":"https:\/\/www.bekoshop.sk\/radyatipy\/wp-json\/wp\/v2\/pages"}],"about":[{"href":"https:\/\/www.bekoshop.sk\/radyatipy\/wp-json\/wp\/v2\/types\/page"}],"author":[{"embeddable":true,"href":"https:\/\/www.bekoshop.sk\/radyatipy\/wp-json\/wp\/v2\/users\/1"}],"replies":[{"embeddable":true,"href":"https:\/\/www.bekoshop.sk\/radyatipy\/wp-json\/wp\/v2\/comments?post=25266"}],"version-history":[{"count":8,"href":"https:\/\/www.bekoshop.sk\/radyatipy\/wp-json\/wp\/v2\/pages\/25266\/revisions"}],"predecessor-version":[{"id":25571,"href":"https:\/\/www.bekoshop.sk\/radyatipy\/wp-json\/wp\/v2\/pages\/25266\/revisions\/25571"}],"wp:attachment":[{"href":"https:\/\/www.bekoshop.sk\/radyatipy\/wp-json\/wp\/v2\/media?parent=25266"}],"curies":[{"name":"wp","href":"https:\/\/api.w.org\/{rel}","templated":true}]}}